{"id":3,"date":"2022-09-03T19:58:56","date_gmt":"2022-09-03T19:58:56","guid":{"rendered":"http:\/\/verein-erdreich.at\/?page_id=3"},"modified":"2024-06-15T15:04:51","modified_gmt":"2024-06-15T14:04:51","slug":"privacy-policy","status":"publish","type":"page","link":"https:\/\/verein-erdreich.at\/?page_id=3","title":{"rendered":"DATENSCHUTZERKL\u00c4RUNG"},"content":{"rendered":"\n<p><strong>INFORMATIONEN ZUR VERARBEITUNG IHRER PERSONENBEZOGENEN DATEN<\/strong><\/p>\n\n\n\n<p>Wir freuen uns \u00fcber Ihr Interesse an unserem Verein ERDREICH (ZVR-Zahl: 377182967) und den Besuch auf unserer Webseite. <\/p>\n\n\n\n<p>Wir nehmen den Schutz Ihrer personenbezogenen Daten ernst und halten uns an die gesetzlichen Bestimmungen der EU-Datenschutz-Grundverordnung (DSGVO) sowie des \u00f6sterreichischen Datenschutzgesetzes in der geltenden Fassung. In diesen Datenschutzinformationen informieren wir Sie \u00fcber die wichtigsten Aspekte der Datenverarbeitung im Rahmen unserer Website. Bei Fragen dazu k\u00f6nnen Sie uns gerne kontaktieren (Kontaktdaten siehe Impressum). <\/p>\n\n\n\n<p><strong>Verarbeitung und Weitergabe personenbezogener Daten<\/strong><\/p>\n\n\n\n<p>Der Begriff \u201eVerarbeitung\u201c umfasst jegliche Handhabung personenbezogener Daten, etwa ihre Erhebung, das Ordnen, Speichern, \u00dcbermitteln, Ver\u00e4ndern bis hin zur L\u00f6schung und endg\u00fcltigen Vernichtung. Wenn Sie uns personenbezogene Daten au\u00dferhalb eines Vertrages zur Verf\u00fcgung stellen, so verarbeiten wir diese Daten nach dem entsprechenden Zweck der konkreten Datenerhebung bzw. Datenmitteilung. In der Regel holen wir in diesem Fall zuvor Ihre Einwilligung ein. Die Weitergabe an andere Unternehmen\/Vereine\/Einrichtungen erfolgt dann nur in dem Umfang, der von Ihrer Einwilligung gedeckt ist. In Einzelf\u00e4llen k\u00f6nnen wir auch gesetzlich verpflichtet oder aufgrund unserer \u00fcberwiegenden Interessen berechtigt sein, Ihre personenbezogenen Daten zu verarbeiten. Diesfalls machen wir dies Ihnen gegen\u00fcber, soweit m\u00f6glich, transparent. Sollten Sie einen Vertrag mit uns abgeschlossen haben, so verwenden wir die von Ihnen angegebenen Daten insoweit, als dies f\u00fcr die Vertragserf\u00fcllung erforderlich ist. Eine Weitergabe an Dritte erfolgt nur, wenn die Vertragserf\u00fcllung dies erfordert. In beiden F\u00e4llen (innerhalb und au\u00dferhalb eines Vertrages) erfolgt eine Verarbeitung Ihrer Daten f\u00fcr andere Zwecke als den urspr\u00fcnglichen Zweck nur, wenn diese anderen Zwecke mit dem urspr\u00fcnglichen Zweck vereinbar sind.<\/p>\n\n\n\n<p><strong>L\u00f6schung der von uns verarbeiteten personenbezogenen Daten<\/strong><\/p>\n\n\n\n<p>Ihre personenbezogenen Daten werden von uns gel\u00f6scht, sobald kein Grund mehr f\u00fcr die weitere Verarbeitung oder Speicherung vorliegt. Um dies zu gew\u00e4hrleisten, f\u00fchren wir eine L\u00f6schung aller Altdaten durch. Vorbehaltlich einer gesetzlichen Aufbewahrungspflicht erfolgt eine L\u00f6schung im Falle, dass der Zweck der Datenverarbeitung nicht mehr gegeben ist, keine vertragliche Grundlage oder kein berechtigtes Interesse mehr besteht. Au\u00dferdem k\u00f6nnen Sie selbstverst\u00e4ndlich zu jedem anderen Zeitpunkt die L\u00f6schung Ihrer Daten begehren (siehe unten im Punkt \u201eBetroffenenrechte\u201c). Wenn wir gesetzlich zur Aufbewahrung Ihrer Daten verpflichtet sind (etwa aufgrund abgabenrechtlicher Bestimmungen), erfolgt die L\u00f6schung nach Ablauf dieser gesetzlichen Aufbewahrungsfrist.<\/p>\n\n\n\n<p><strong>Betroffenenrechte \/ Ihre Rechte zum Schutz Ihrer pers\u00f6nlichen Daten<\/strong><\/p>\n\n\n\n<p>In Bezug auf Ihre von uns verarbeiteten, personenbezogenen Daten steht Ihnen eine Reihe von Rechten zu. All diese Rechte k\u00f6nnen Sie kosten\u2010 und formlos (per E\u2010Mail, telefonisch oder postalisch), gegebenenfalls nach Nachweis Ihrer Identit\u00e4t, unter der unten angegebenen Adresse geltend machen. Ihre Rechte im Einzelnen:<\/p>\n\n\n\n<p><strong><em>Recht auf Auskunft:<\/em>\u00a0<\/strong>Sie k\u00f6nnen jederzeit formlos Auskunft \u00fcber die von uns verarbeiteten Daten verlangen. In diesem Fall teilen wir Ihnen schriftlich mit, welche Daten wir \u00fcber Sie gespeichert haben, f\u00fcr welche Zwecke wir diese verwenden, an welche Kategorien von Empf\u00e4ngern wir diese weitergeben und wie lange wir beabsichtigen, diese noch zu speichern. Wir werden Ihrem Auskunftsansuchen unverz\u00fcglich, l\u00e4ngstens jedoch innerhalb eines Monats nachkommen.<\/p>\n\n\n\n<p><em><strong>Recht auf L\u00f6schung<\/strong>:<\/em> Sie haben das Recht, jederzeit formlos die L\u00f6schung Ihrer von uns verarbeiteten Daten zu begehren. Diesem Ansuchen kommen wir nach, sofern Ihre Daten f\u00fcr den Erhebungszweck nicht mehr notwendig sind, Sie eine allenfalls bestehende Einwilligung widerrufen, bei unrechtm\u00e4\u00dfigen Datenverarbeitungen oder wenn die L\u00f6schung zur Erf\u00fcllung einer rechtlichen Verpflichtung erforderlich ist.<\/p>\n\n\n\n<p><strong><em>Recht auf Berichtigung:<\/em>\u00a0<\/strong>Sollten wir irrt\u00fcmlich unrichtige oder unvollst\u00e4ndige Daten \u00fcber Sie verarbeiten, so berichtigen wir diese selbstverst\u00e4ndlich. Dazu reicht ein an uns gerichteter, formloser Antrag aus.<\/p>\n\n\n\n<p><strong><em>Recht auf Einschr\u00e4nkung der Verarbeitung:\u00a0<\/em><\/strong>Wenn zwar die L\u00f6schung Ihrer Daten nicht m\u00f6glich ist bzw. dies von Ihnen nicht gew\u00fcnscht wird, Sie aber einer \u00fcber die Speicherung der Daten hinausgehenden Nutzung nicht zustimmen, haben wir die Pflicht, auf Ihren Antrag hin die weitere Verarbeitung Ihrer personenbezogenen Daten einzuschr\u00e4nken.<\/p>\n\n\n\n<p><strong><em>Recht auf Daten\u00fcbertragbarkeit:\u00a0<\/em><\/strong>Wir stellen Ihnen die von uns \u00fcber Sie gespeicherten Daten, die wir aufgrund eines Vertrages oder aufgrund Ihrer Einwilligung erhalten haben, auf Ihren formlosen Antrag hin kostenlos in einem gebr\u00e4uchlichen Dateiformat zur Verf\u00fcgung. Sie k\u00f6nnen diese Daten f\u00fcr eigene Zwecke verwenden und sie an zuk\u00fcnftige Vertragspartner weitergeben. Wir \u00fcbernehmen \u2013 sofern Sie dies w\u00fcnschen und es technisch machbar ist \u2013 auch direkt die \u00dcbertragung Ihrer Daten an einen von Ihnen namhaft gemachten Adressaten. In diesem Fall informieren wir Sie nach erfolgter \u00dcbertragung. Ihrem Antrag kommen wir unverz\u00fcglich, sp\u00e4testens jedoch innerhalb eines Monats nach.<\/p>\n\n\n\n<p><strong><em>Recht auf Widerspruch:<\/em>\u00a0<\/strong>In bestimmten F\u00e4llen haben Sie nach der Datenschutz\u2010 Grundverordnung auch das Recht auf Widerspruch zur weiteren Verarbeitung Ihrer Daten. Da wir im Moment in unserem Unternehmen keine Datenverarbeitungen durchf\u00fchren, f\u00fcr die das Recht auf Widerspruch zusteht, verweisen wir Sie an dieser Stelle auf das Recht auf L\u00f6schung beziehungsweise auf das Recht auf Einschr\u00e4nkung der Verarbeitung (siehe oben).<\/p>\n\n\n\n<p><strong>Beschwerderecht<\/strong><\/p>\n\n\n\n<p>Die EU\u2010Datenschutz\u2010Grundverordnung und das \u00f6sterreichischen Datenschutzgesetz gew\u00e4hrleisten Ihnen die oben genannten Rechte im Bereich Datenschutz. Wenn Sie der Ansicht sind, in einem dieser Rechte durch unser Unternehmen verletzt worden zu sein, haben Sie die M\u00f6glichkeit, sich bei einer Datenschutz\u2010Aufsichtsbeh\u00f6rde zu beschweren. In \u00d6sterreich ist daf\u00fcr die \u00d6sterreichische Datenschutzbeh\u00f6rde, Barichgasse 40-42, 1030 Wien, zust\u00e4ndig. Anspr\u00fcche gegen uns, die Ihnen aufgrund anderer gesetzlicher Grundlagen zustehen, bleiben davon unber\u00fchrt.<\/p>\n\n\n\n<p><\/p>\n\n\n\n<p><\/p>\n","protected":false},"excerpt":{"rendered":"<p>INFORMATIONEN ZUR VERARBEITUNG IHRER PERSONENBEZOGENEN DATEN Wir freuen uns \u00fcber Ihr Interesse an unserem Verein ERDREICH (ZVR-Zahl: 377182967) und den Besuch auf unserer Webseite. Wir nehmen den Schutz Ihrer personenbezogenen Daten ernst und halten uns an die gesetzlichen Bestimmungen der EU-Datenschutz-Grundverordnung (DSGVO) sowie des \u00f6sterreichischen Datenschutzgesetzes in der geltenden Fassung. In diesen Datenschutzinformationen informieren wir<\/p>\n<div class=\"read-more-wrapper\"><a class=\"read-more\" href=\"https:\/\/verein-erdreich.at\/?page_id=3\" title=\"Read More\"> <span class=\"button \">Read More<\/span><\/a><\/div>\n","protected":false},"author":1,"featured_media":0,"parent":63,"menu_order":0,"comment_status":"closed","ping_status":"closed","template":"","meta":{"footnotes":""},"class_list":["post-3","page","type-page","status-publish","hentry"],"_links":{"self":[{"href":"https:\/\/verein-erdreich.at\/index.php?rest_route=\/wp\/v2\/pages\/3","targetHints":{"allow":["GET"]}}],"collection":[{"href":"https:\/\/verein-erdreich.at\/index.php?rest_route=\/wp\/v2\/pages"}],"about":[{"href":"https:\/\/verein-erdreich.at\/index.php?rest_route=\/wp\/v2\/types\/page"}],"author":[{"embeddable":true,"href":"https:\/\/verein-erdreich.at\/index.php?rest_route=\/wp\/v2\/users\/1"}],"replies":[{"embeddable":true,"href":"https:\/\/verein-erdreich.at\/index.php?rest_route=%2Fwp%2Fv2%2Fcomments&post=3"}],"version-history":[{"count":2,"href":"https:\/\/verein-erdreich.at\/index.php?rest_route=\/wp\/v2\/pages\/3\/revisions"}],"predecessor-version":[{"id":65,"href":"https:\/\/verein-erdreich.at\/index.php?rest_route=\/wp\/v2\/pages\/3\/revisions\/65"}],"up":[{"embeddable":true,"href":"https:\/\/verein-erdreich.at\/index.php?rest_route=\/wp\/v2\/pages\/63"}],"wp:attachment":[{"href":"https:\/\/verein-erdreich.at\/index.php?rest_route=%2Fwp%2Fv2%2Fmedia&parent=3"}],"curies":[{"name":"wp","href":"https:\/\/api.w.org\/{rel}","templated":true}]}}